{"id":2559,"date":"2025-04-25T15:17:29","date_gmt":"2025-04-25T13:17:29","guid":{"rendered":"https:\/\/len-autosgarage.fr\/?post_type=product&#038;p=2559"},"modified":"2025-09-09T09:02:20","modified_gmt":"2025-09-09T07:02:20","slug":"opel-meriva-opel-1-7-cdti-100-fap-connect-pack-a","status":"publish","type":"product","link":"https:\/\/len-autosgarage.fr\/product\/opel-meriva-opel-1-7-cdti-100-fap-connect-pack-a\/","title":{"rendered":"OPEL Meriva OPEL 1.7 CDTI &#8211; 100 FAP Connect Pack A"},"content":{"rendered":"<p><span>Options : Climatisation automatique bi-zone : Jantes alliage 16&Prime; 10 doubles branches : Ordinateur de bord : Phares antibrouillard AV : R\u00e9gulateur de vitesse : R\u00e9troviseur int\u00e9rieur jour\/nuit<\/span><br \/>\n<span>R\u00e9troviseurs ext\u00e9rieurs, asph\u00e9rique c\u00f4t\u00e9 conducteur, d\u00e9givrants, \u00e0 r\u00e9glage \u00e9lectrique : Syst\u00e8me de Navigation 900 SD Europe avec prise USB, prise auxiliaire, syst\u00e8me 7HP Premium, carte SD 8Go, POis, Infotrafic, reconnaissance vocale et affichage photos : Vitres et lunette AR fum\u00e9e<\/span><br \/>\n<span>V\u00e9hicule tr\u00e8s propre pas de frais a pr\u00e9voir<\/span><\/p>\n<div class=\"cotea16-graphic\">\n<div class=\"cotea16-mes\" id=\"mes-ht\">\n<ul>\n<li class=\"nologo\"><\/li>\n<\/ul>\n<\/div>\n<div class=\"fin\"><\/div>\n<\/div>\n","protected":false},"excerpt":{"rendered":"<p>Options : Climatisation automatique bi-zone : Jantes alliage 16&Prime; 10 doubles branches : Ordinateur de bord : Phares antibrouillard AV : R\u00e9gulateur de vitesse : R\u00e9troviseur int\u00e9rieur jour\/nuit R\u00e9troviseurs ext\u00e9rieurs, asph\u00e9rique c\u00f4t\u00e9 conducteur, d\u00e9givrants, \u00e0 r\u00e9glage \u00e9lectrique : Syst\u00e8me de Navigation 900 SD Europe avec prise USB, prise auxiliaire, syst\u00e8me<\/p>\n","protected":false},"featured_media":2560,"comment_status":"closed","ping_status":"closed","template":"","meta":[],"product_brand":[],"product_cat":[46],"product_tag":[],"class_list":{"0":"post-2559","1":"product","2":"type-product","3":"status-publish","4":"has-post-thumbnail","6":"product_cat-uncategorized","8":"first","9":"outofstock","10":"shipping-taxable","11":"purchasable","12":"product-type-simple"},"aioseo_notices":[],"_links":{"self":[{"href":"https:\/\/len-autosgarage.fr\/nov-apijson\/wp\/v2\/product\/2559","targetHints":{"allow":["GET"]}}],"collection":[{"href":"https:\/\/len-autosgarage.fr\/nov-apijson\/wp\/v2\/product"}],"about":[{"href":"https:\/\/len-autosgarage.fr\/nov-apijson\/wp\/v2\/types\/product"}],"replies":[{"embeddable":true,"href":"https:\/\/len-autosgarage.fr\/nov-apijson\/wp\/v2\/comments?post=2559"}],"wp:featuredmedia":[{"embeddable":true,"href":"https:\/\/len-autosgarage.fr\/nov-apijson\/wp\/v2\/media\/2560"}],"wp:attachment":[{"href":"https:\/\/len-autosgarage.fr\/nov-apijson\/wp\/v2\/media?parent=2559"}],"wp:term":[{"taxonomy":"product_brand","embeddable":true,"href":"https:\/\/len-autosgarage.fr\/nov-apijson\/wp\/v2\/product_brand?post=2559"},{"taxonomy":"product_cat","embeddable":true,"href":"https:\/\/len-autosgarage.fr\/nov-apijson\/wp\/v2\/product_cat?post=2559"},{"taxonomy":"product_tag","embeddable":true,"href":"https:\/\/len-autosgarage.fr\/nov-apijson\/wp\/v2\/product_tag?post=2559"}],"curies":[{"name":"wp","href":"https:\/\/api.w.org\/{rel}","templated":true}]}}

<p><span>Options : Climatisation automatique bi-zone : Jantes alliage 16&Prime; 10 doubles branches : Ordinateur de bord : Phares antibrouillard AV : Régulateur de vitesse : Rétroviseur intérieur jour/nuit</span><br />
<span>Rétroviseurs extérieurs, asphérique côté conducteur, dégivrants, à réglage électrique : Système de Navigation 900 SD Europe avec prise USB, prise auxiliaire, système 7HP Premium, carte SD 8Go, POis, Infotrafic, reconnaissance vocale et affichage photos : Vitres et lunette AR fumée</span><br />
<span>Véhicule très propre pas de frais a prévoir</span></p>
<div class="cotea16-graphic">
<div class="cotea16-mes" id="mes-ht">
<ul>
<li class="nologo"></li>
</ul>
</div>
<div class="fin"></div>
</div>

<p>Options : Climatisation automatique bi-zone : Jantes alliage 16&Prime; 10 doubles branches : Ordinateur de bord : Phares antibrouillard AV : Régulateur de vitesse : Rétroviseur intérieur jour/nuit Rétroviseurs extérieurs, asphérique côté conducteur, dégivrants, à réglage électrique : Système de Navigation 900 SD Europe avec prise USB, prise auxiliaire, système</p>
