{"id":2788,"date":"2025-09-01T09:55:41","date_gmt":"2025-09-01T07:55:41","guid":{"rendered":"https:\/\/len-autosgarage.fr\/?post_type=product&#038;p=2788"},"modified":"2025-09-18T12:05:52","modified_gmt":"2025-09-18T10:05:52","slug":"peugeot-208-1-2-puretech-82ch-bvm5-active","status":"publish","type":"product","link":"https:\/\/len-autosgarage.fr\/product\/peugeot-208-1-2-puretech-82ch-bvm5-active\/","title":{"rendered":"PEUGEOT 208 1.2 PureTech 82ch BVM5 Active"},"content":{"rendered":"<h4>PEUGEOT 208 1.2 PureTech 82ch BVM5 Active<\/h4>\n<p>Date de 1 ere mise en circulation 18\/05\/2015<\/p>\n<p>KILOMETRAGE 145000 KMS<\/p>\n<p><span>Peinture Noir Perla Nera<\/span><\/p>\n<p><span>Projecteurs antibrouillards avec enjoliveurs chrom\u00e9s<\/span><\/p>\n<p><span>Roue de secours acier 15&Prime;<\/span><\/p>\n<table class=\"tableauComparaisonVehicule\">\n<tbody>\n<tr>\n<td><\/td>\n<\/tr>\n<tr>\n<td>ABS (antiblocage des roues)<\/td>\n<td><\/td>\n<\/tr>\n<tr>\n<td>Aide au freinage d&rsquo;urgence (AFU)<\/td>\n<td><\/td>\n<\/tr>\n<tr>\n<td>Airbags frontaux conducteur et passager<\/td>\n<td><\/td>\n<\/tr>\n<tr>\n<td>Airbags lat\u00e9raux<\/td>\n<td>NF02<\/td>\n<\/tr>\n<tr>\n<td>Airbags rideaux<\/td>\n<td>NF04<\/td>\n<\/tr>\n<tr>\n<td>Air conditionn\u00e9 manuel<\/td>\n<td>RE01<\/td>\n<\/tr>\n<tr>\n<td>Bo\u00eete \u00e0 gants r\u00e9frig\u00e9rable<\/td>\n<td><\/td>\n<\/tr>\n<tr>\n<td>Calandre alv\u00e9ol\u00e9e Noire avec jonc Gris aluminium<\/td>\n<td><\/td>\n<\/tr>\n<tr>\n<td>Contr\u00f4le dynamique de stabilit\u00e9 ESP<\/p>\n<table class=\"tableauComparaisonVehicule\">\n<tbody>\n<tr>\n<td><\/td>\n<\/tr>\n<tr>\n<td>Dossier de banquette AR rabattable 1\/3-2\/3<\/td>\n<td><\/td>\n<\/tr>\n<tr>\n<td>Ecran tactile multifonctions (radio 4x25W avec fonction Bluetooth, prise Jack\/USB et commande au volant)<\/td>\n<td><\/td>\n<\/tr>\n<tr>\n<td>Jonc de calandre chrom\u00e9<\/td>\n<td><\/td>\n<\/tr>\n<tr>\n<td>Kit de d\u00e9pannage de pneumatique<\/td>\n<td><\/td>\n<\/tr>\n<tr>\n<td>L\u00e8ve-vitres \u00e9lectrique AV s\u00e9quentiel c\u00f4t\u00e9 conducteur<\/td>\n<td><\/td>\n<\/tr>\n<tr>\n<td>Poign\u00e9es de portes ext\u00e9rieures couleur carrosserie<\/td>\n<td><\/td>\n<\/tr>\n<tr>\n<td>Prise 12V AV<\/td>\n<td><\/td>\n<\/tr>\n<tr>\n<td><span>R\u00e9gulateur\/Limiteur de vitesse<\/span><\/p>\n<p><span>R\u00e9partiteur Electronique de Freinage\u00a0<\/span><\/p>\n<p><span>R\u00e9troviseurs ext\u00e9rieurs \u00e9lectriques d\u00e9givrants<\/span><\/p>\n<table class=\"tableauComparaisonVehicule\">\n<tbody>\n<tr>\n<td>Verrouillage automatique des ouvrants en roulant<\/td>\n<td><\/td>\n<\/tr>\n<tr>\n<td>Verrouillage centralis\u00e9 des portes par t\u00e9l\u00e9commande<\/td>\n<td><\/td>\n<\/tr>\n<tr>\n<td>Volant compact r\u00e9glable en hauteur et en profondeur<\/td>\n<\/tr>\n<\/tbody>\n<\/table>\n<\/td>\n<td><\/td>\n<\/tr>\n<tr>\n<td><\/td>\n<td><\/td>\n<\/tr>\n<tr>\n<td><\/td>\n<td><\/td>\n<\/tr>\n<tr>\n<td><\/td>\n<td><\/td>\n<\/tr>\n<tr>\n<td><\/td>\n<td><\/td>\n<\/tr>\n<tr>\n<td><\/td>\n<td><\/td>\n<\/tr>\n<tr>\n<td><\/td>\n<\/tr>\n<\/tbody>\n<\/table>\n<\/td>\n<\/tr>\n<\/tbody>\n<\/table>\n<p>&nbsp;<\/p>\n","protected":false},"excerpt":{"rendered":"<p>PEUGEOT 208 1.2 PureTech 82ch BVM5 Active Date de 1 ere mise en circulation 18\/05\/2015 KILOMETRAGE 145000 KMS Peinture Noir Perla Nera Projecteurs antibrouillards avec enjoliveurs chrom\u00e9s Roue de secours acier 15&Prime; ABS (antiblocage des roues) Aide au freinage d&rsquo;urgence (AFU) Airbags frontaux conducteur et passager Airbags lat\u00e9raux NF02 Airbags<\/p>\n","protected":false},"featured_media":2790,"comment_status":"closed","ping_status":"closed","template":"","meta":[],"product_brand":[],"product_cat":[46],"product_tag":[],"class_list":{"0":"post-2788","1":"product","2":"type-product","3":"status-publish","4":"has-post-thumbnail","6":"product_cat-uncategorized","8":"first","9":"outofstock","10":"shipping-taxable","11":"purchasable","12":"product-type-simple"},"aioseo_notices":[],"_links":{"self":[{"href":"https:\/\/len-autosgarage.fr\/nov-apijson\/wp\/v2\/product\/2788","targetHints":{"allow":["GET"]}}],"collection":[{"href":"https:\/\/len-autosgarage.fr\/nov-apijson\/wp\/v2\/product"}],"about":[{"href":"https:\/\/len-autosgarage.fr\/nov-apijson\/wp\/v2\/types\/product"}],"replies":[{"embeddable":true,"href":"https:\/\/len-autosgarage.fr\/nov-apijson\/wp\/v2\/comments?post=2788"}],"wp:featuredmedia":[{"embeddable":true,"href":"https:\/\/len-autosgarage.fr\/nov-apijson\/wp\/v2\/media\/2790"}],"wp:attachment":[{"href":"https:\/\/len-autosgarage.fr\/nov-apijson\/wp\/v2\/media?parent=2788"}],"wp:term":[{"taxonomy":"product_brand","embeddable":true,"href":"https:\/\/len-autosgarage.fr\/nov-apijson\/wp\/v2\/product_brand?post=2788"},{"taxonomy":"product_cat","embeddable":true,"href":"https:\/\/len-autosgarage.fr\/nov-apijson\/wp\/v2\/product_cat?post=2788"},{"taxonomy":"product_tag","embeddable":true,"href":"https:\/\/len-autosgarage.fr\/nov-apijson\/wp\/v2\/product_tag?post=2788"}],"curies":[{"name":"wp","href":"https:\/\/api.w.org\/{rel}","templated":true}]}}

<h4>PEUGEOT 208 1.2 PureTech 82ch BVM5 Active</h4>
<p>Date de 1 ere mise en circulation 18/05/2015</p>
<p>KILOMETRAGE 145000 KMS</p>
<p><span>Peinture Noir Perla Nera</span></p>
<p><span>Projecteurs antibrouillards avec enjoliveurs chromés</span></p>
<p><span>Roue de secours acier 15&Prime;</span></p>
<table class="tableauComparaisonVehicule">
<tbody>
<tr>
<td></td>
</tr>
<tr>
<td>ABS (antiblocage des roues)</td>
<td></td>
</tr>
<tr>
<td>Aide au freinage d&rsquo;urgence (AFU)</td>
<td></td>
</tr>
<tr>
<td>Airbags frontaux conducteur et passager</td>
<td></td>
</tr>
<tr>
<td>Airbags latéraux</td>
<td>NF02</td>
</tr>
<tr>
<td>Airbags rideaux</td>
<td>NF04</td>
</tr>
<tr>
<td>Air conditionné manuel</td>
<td>RE01</td>
</tr>
<tr>
<td>Boîte à gants réfrigérable</td>
<td></td>
</tr>
<tr>
<td>Calandre alvéolée Noire avec jonc Gris aluminium</td>
<td></td>
</tr>
<tr>
<td>Contrôle dynamique de stabilité ESP</p>
<table class="tableauComparaisonVehicule">
<tbody>
<tr>
<td></td>
</tr>
<tr>
<td>Dossier de banquette AR rabattable 1/3-2/3</td>
<td></td>
</tr>
<tr>
<td>Ecran tactile multifonctions (radio 4x25W avec fonction Bluetooth, prise Jack/USB et commande au volant)</td>
<td></td>
</tr>
<tr>
<td>Jonc de calandre chromé</td>
<td></td>
</tr>
<tr>
<td>Kit de dépannage de pneumatique</td>
<td></td>
</tr>
<tr>
<td>Lève-vitres électrique AV séquentiel côté conducteur</td>
<td></td>
</tr>
<tr>
<td>Poignées de portes extérieures couleur carrosserie</td>
<td></td>
</tr>
<tr>
<td>Prise 12V AV</td>
<td></td>
</tr>
<tr>
<td><span>Régulateur/Limiteur de vitesse</span></p>
<p><span>Répartiteur Electronique de Freinage </span></p>
<p><span>Rétroviseurs extérieurs électriques dégivrants</span></p>
<table class="tableauComparaisonVehicule">
<tbody>
<tr>
<td>Verrouillage automatique des ouvrants en roulant</td>
<td></td>
</tr>
<tr>
<td>Verrouillage centralisé des portes par télécommande</td>
<td></td>
</tr>
<tr>
<td>Volant compact réglable en hauteur et en profondeur</td>
</tr>
</tbody>
</table>
</td>
<td></td>
</tr>
<tr>
<td></td>
<td></td>
</tr>
<tr>
<td></td>
<td></td>
</tr>
<tr>
<td></td>
<td></td>
</tr>
<tr>
<td></td>
<td></td>
</tr>
<tr>
<td></td>
<td></td>
</tr>
<tr>
<td></td>
</tr>
</tbody>
</table>
</td>
</tr>
</tbody>
</table>
<p>&nbsp;</p>

<p>PEUGEOT 208 1.2 PureTech 82ch BVM5 Active Date de 1 ere mise en circulation 18/05/2015 KILOMETRAGE 145000 KMS Peinture Noir Perla Nera Projecteurs antibrouillards avec enjoliveurs chromés Roue de secours acier 15&Prime; ABS (antiblocage des roues) Aide au freinage d&rsquo;urgence (AFU) Airbags frontaux conducteur et passager Airbags latéraux NF02 Airbags</p>
