{"id":2837,"date":"2025-09-09T17:10:30","date_gmt":"2025-09-09T15:10:30","guid":{"rendered":"https:\/\/len-autosgarage.fr\/?post_type=product&#038;p=2837"},"modified":"2025-10-17T11:28:42","modified_gmt":"2025-10-17T09:28:42","slug":"a-vendre-renault-modus-1-5-dci-65-eco2-expression","status":"publish","type":"product","link":"https:\/\/len-autosgarage.fr\/product\/a-vendre-renault-modus-1-5-dci-65-eco2-expression\/","title":{"rendered":"A VENDRE RENAULT Modus 1.5 dCi 65 eco2 Expression"},"content":{"rendered":"<p>Date de 1 \u00e8re mise en circulation : 31\/03\/2019<\/p>\n<p>Kilom\u00e9trage : 134887 kms CT OK fait le 07\/08\/2025<\/p>\n<p>V\u00e9hicule r\u00e9viser Garantie 6mois<\/p>\n<p>Equipements de serie<\/p>\n<table class=\"tableauComparaisonVehicule\">\n<tbody>\n<tr>\n<td>ABS avec EBV et syst\u00e8me d&rsquo;assistance au freinage d&rsquo;urgence<\/td>\n<td><\/td>\n<\/tr>\n<tr>\n<td>Airbags lat\u00e9raux AV<\/td>\n<td><\/td>\n<\/tr>\n<tr>\n<td>Appuis-t\u00eate AR<\/td>\n<td><\/td>\n<\/tr>\n<tr>\n<td>Banquette AR rabattable 1\/3-2\/3<\/td>\n<td><\/td>\n<\/tr>\n<tr>\n<td>Bouclier ton caisse sur teintes opaques<\/td>\n<td><\/td>\n<\/tr>\n<tr>\n<td>Climatisation manuelle<\/td>\n<td>CA<\/td>\n<\/tr>\n<tr>\n<td>Commandes au volant<\/td>\n<td><\/td>\n<\/tr>\n<tr>\n<td>Condamnation des portes \u00e0 distance<\/td>\n<td><\/td>\n<\/tr>\n<tr>\n<td>Kit de regonflage<\/td>\n<td>KTGREP<\/td>\n<\/tr>\n<tr>\n<td>L\u00e8ve-vitre AV \u00e9lectrique \u00e0 impulsion c\u00f4t\u00e9 conducteur<\/td>\n<td><\/td>\n<\/tr>\n<tr>\n<td>Peinture opaque<\/td>\n<td><\/td>\n<\/tr>\n<tr>\n<td>Poign\u00e9es ext\u00e9rieures ton caisse<\/td>\n<td><\/td>\n<\/tr>\n<tr>\n<td>Radiosat 40W CD<\/td>\n<td><\/td>\n<\/tr>\n<tr>\n<td>Rangements sur planche de bord<\/td>\n<td><\/td>\n<\/tr>\n<tr>\n<td>R\u00e9troviseurs ext\u00e9rieurs \u00e9lectriques<\/td>\n<td><\/td>\n<\/tr>\n<tr>\n<td>R\u00e9troviseurs ton carrosserie<\/td>\n<td><\/td>\n<\/tr>\n<tr>\n<td>Roues t\u00f4l\u00e9es 15 pouces<\/td>\n<td><\/td>\n<\/tr>\n<tr>\n<td>Sellerie Duo<\/td>\n<td><\/td>\n<\/tr>\n<tr>\n<td>Si\u00e8ge conducteur r\u00e9glable en hauteur<\/td>\n<\/tr>\n<\/tbody>\n<\/table>\n","protected":false},"excerpt":{"rendered":"<p>Date de 1 \u00e8re mise en circulation : 31\/03\/2019 Kilom\u00e9trage : 134887 kms CT OK fait le 07\/08\/2025 V\u00e9hicule r\u00e9viser Garantie 6mois Equipements de serie ABS avec EBV et syst\u00e8me d&rsquo;assistance au freinage d&rsquo;urgence Airbags lat\u00e9raux AV Appuis-t\u00eate AR Banquette AR rabattable 1\/3-2\/3 Bouclier ton caisse sur teintes opaques Climatisation<\/p>\n","protected":false},"featured_media":2838,"comment_status":"closed","ping_status":"closed","template":"","meta":[],"product_brand":[],"product_cat":[46],"product_tag":[],"class_list":{"0":"post-2837","1":"product","2":"type-product","3":"status-publish","4":"has-post-thumbnail","6":"product_cat-uncategorized","8":"first","9":"outofstock","10":"shipping-taxable","11":"purchasable","12":"product-type-simple"},"aioseo_notices":[],"_links":{"self":[{"href":"https:\/\/len-autosgarage.fr\/nov-apijson\/wp\/v2\/product\/2837","targetHints":{"allow":["GET"]}}],"collection":[{"href":"https:\/\/len-autosgarage.fr\/nov-apijson\/wp\/v2\/product"}],"about":[{"href":"https:\/\/len-autosgarage.fr\/nov-apijson\/wp\/v2\/types\/product"}],"replies":[{"embeddable":true,"href":"https:\/\/len-autosgarage.fr\/nov-apijson\/wp\/v2\/comments?post=2837"}],"wp:featuredmedia":[{"embeddable":true,"href":"https:\/\/len-autosgarage.fr\/nov-apijson\/wp\/v2\/media\/2838"}],"wp:attachment":[{"href":"https:\/\/len-autosgarage.fr\/nov-apijson\/wp\/v2\/media?parent=2837"}],"wp:term":[{"taxonomy":"product_brand","embeddable":true,"href":"https:\/\/len-autosgarage.fr\/nov-apijson\/wp\/v2\/product_brand?post=2837"},{"taxonomy":"product_cat","embeddable":true,"href":"https:\/\/len-autosgarage.fr\/nov-apijson\/wp\/v2\/product_cat?post=2837"},{"taxonomy":"product_tag","embeddable":true,"href":"https:\/\/len-autosgarage.fr\/nov-apijson\/wp\/v2\/product_tag?post=2837"}],"curies":[{"name":"wp","href":"https:\/\/api.w.org\/{rel}","templated":true}]}}

<p>Date de 1 ère mise en circulation : 31/03/2019</p>
<p>Kilométrage : 134887 kms CT OK fait le 07/08/2025</p>
<p>Véhicule réviser Garantie 6mois</p>
<p>Equipements de serie</p>
<table class="tableauComparaisonVehicule">
<tbody>
<tr>
<td>ABS avec EBV et système d&rsquo;assistance au freinage d&rsquo;urgence</td>
<td></td>
</tr>
<tr>
<td>Airbags latéraux AV</td>
<td></td>
</tr>
<tr>
<td>Appuis-tête AR</td>
<td></td>
</tr>
<tr>
<td>Banquette AR rabattable 1/3-2/3</td>
<td></td>
</tr>
<tr>
<td>Bouclier ton caisse sur teintes opaques</td>
<td></td>
</tr>
<tr>
<td>Climatisation manuelle</td>
<td>CA</td>
</tr>
<tr>
<td>Commandes au volant</td>
<td></td>
</tr>
<tr>
<td>Condamnation des portes à distance</td>
<td></td>
</tr>
<tr>
<td>Kit de regonflage</td>
<td>KTGREP</td>
</tr>
<tr>
<td>Lève-vitre AV électrique à impulsion côté conducteur</td>
<td></td>
</tr>
<tr>
<td>Peinture opaque</td>
<td></td>
</tr>
<tr>
<td>Poignées extérieures ton caisse</td>
<td></td>
</tr>
<tr>
<td>Radiosat 40W CD</td>
<td></td>
</tr>
<tr>
<td>Rangements sur planche de bord</td>
<td></td>
</tr>
<tr>
<td>Rétroviseurs extérieurs électriques</td>
<td></td>
</tr>
<tr>
<td>Rétroviseurs ton carrosserie</td>
<td></td>
</tr>
<tr>
<td>Roues tôlées 15 pouces</td>
<td></td>
</tr>
<tr>
<td>Sellerie Duo</td>
<td></td>
</tr>
<tr>
<td>Siège conducteur réglable en hauteur</td>
</tr>
</tbody>
</table>

<p>Date de 1 ère mise en circulation : 31/03/2019 Kilométrage : 134887 kms CT OK fait le 07/08/2025 Véhicule réviser Garantie 6mois Equipements de serie ABS avec EBV et système d&rsquo;assistance au freinage d&rsquo;urgence Airbags latéraux AV Appuis-tête AR Banquette AR rabattable 1/3-2/3 Bouclier ton caisse sur teintes opaques Climatisation</p>
